{"id":4611,"date":"2024-12-03T08:47:58","date_gmt":"2024-12-03T11:47:58","guid":{"rendered":"http:\/\/emcm.ufrn.br\/site\/?page_id=4611"},"modified":"2025-01-28T07:47:16","modified_gmt":"2025-01-28T10:47:16","slug":"processo-seletivo-multiprofissional-2024","status":"publish","type":"page","link":"https:\/\/emcm.ufrn.br\/site\/processo-seletivo-multiprofissional-2024\/","title":{"rendered":"Processo Seletivo &#8211; Multiprofissional 2024"},"content":{"rendered":"\t\t<div data-elementor-type=\"wp-page\" data-elementor-id=\"4611\" class=\"elementor elementor-4611\" data-elementor-settings=\"{&quot;ha_cmc_init_switcher&quot;:&quot;no&quot;}\">\n\t\t\t\t<div class=\"elementor-element elementor-element-4b62be3 e-flex e-con-boxed e-con e-parent\" data-id=\"4b62be3\" data-element_type=\"container\" data-e-type=\"container\" data-settings=\"{&quot;_ha_eqh_enable&quot;:false}\">\n\t\t\t\t\t<div class=\"e-con-inner\">\n\t\t\t\t<div class=\"elementor-element elementor-element-f2dc2bb elementor-widget elementor-widget-heading\" data-id=\"f2dc2bb\" data-element_type=\"widget\" data-e-type=\"widget\" data-widget_type=\"heading.default\">\n\t\t\t\t<div class=\"elementor-widget-container\">\n\t\t\t\t\t<h3 class=\"elementor-heading-title elementor-size-default\">Processo Seletivo  Multiprofissional - 2024<\/h3>\t\t\t\t<\/div>\n\t\t\t\t<\/div>\n\t\t\t\t\t<\/div>\n\t\t\t\t<\/div>\n\t\t<div class=\"elementor-element elementor-element-aede157 e-flex e-con-boxed e-con e-parent\" data-id=\"aede157\" data-element_type=\"container\" data-e-type=\"container\" data-settings=\"{&quot;_ha_eqh_enable&quot;:false}\">\n\t\t\t\t\t<div class=\"e-con-inner\">\n\t\t\t\t<div class=\"elementor-element elementor-element-f78ee37 elementor-widget elementor-widget-heading\" data-id=\"f78ee37\" data-element_type=\"widget\" data-e-type=\"widget\" data-widget_type=\"heading.default\">\n\t\t\t\t<div class=\"elementor-widget-container\">\n\t\t\t\t\t<h5 class=\"elementor-heading-title elementor-size-default\">Editais<\/h5>\t\t\t\t<\/div>\n\t\t\t\t<\/div>\n\t\t\t\t<div class=\"elementor-element elementor-element-c57f81f elementor-align-left elementor-widget elementor-widget-button\" data-id=\"c57f81f\" data-element_type=\"widget\" data-e-type=\"widget\" data-widget_type=\"button.default\">\n\t\t\t\t<div class=\"elementor-widget-container\">\n\t\t\t\t\t\t\t\t\t<div class=\"elementor-button-wrapper\">\n\t\t\t\t\t<a class=\"elementor-button elementor-button-link elementor-size-sm\" href=\"http:\/\/10.143.8.37\/site\/emcm\/P%C3%B3s%20-%20Gradua%C3%A7%C3%A3o\/Resid%C3%AAncia%20Multiprofissional\/Processos%20Seletivos\/EDITAL%20DE%20CONVOCA%C3%87%C3%83O%20PARA%20MATR%C3%8DCULA%20N.%C2%BA%20005_2024%20-%20RESID%C3%8ANCIAS%20MULTIPROFISSIONAIS%20DA%20ESCOLA%20MULTICAMPI%20DE%20CI%C3%8ANCIAS%20M%C3%89DICAS%20-%20EMCM.pdf\" target=\"_blank\">\n\t\t\t\t\t\t<span class=\"elementor-button-content-wrapper\">\n\t\t\t\t\t\t<span class=\"elementor-button-icon\">\n\t\t\t\t<svg aria-hidden=\"true\" class=\"e-font-icon-svg e-far-file-alt\" viewBox=\"0 0 384 512\" xmlns=\"http:\/\/www.w3.org\/2000\/svg\"><path d=\"M288 248v28c0 6.6-5.4 12-12 12H108c-6.6 0-12-5.4-12-12v-28c0-6.6 5.4-12 12-12h168c6.6 0 12 5.4 12 12zm-12 72H108c-6.6 0-12 5.4-12 12v28c0 6.6 5.4 12 12 12h168c6.6 0 12-5.4 12-12v-28c0-6.6-5.4-12-12-12zm108-188.1V464c0 26.5-21.5 48-48 48H48c-26.5 0-48-21.5-48-48V48C0 21.5 21.5 0 48 0h204.1C264.8 0 277 5.1 286 14.1L369.9 98c9 8.9 14.1 21.2 14.1 33.9zm-128-80V128h76.1L256 51.9zM336 464V176H232c-13.3 0-24-10.7-24-24V48H48v416h288z\"><\/path><\/svg>\t\t\t<\/span>\n\t\t\t\t\t\t\t\t\t<span class=\"elementor-button-text\">EDITAL DE CONVOCA\u00c7\u00c3O PARA MATR\u00cdCULA N.\u00ba 005_2024 - RESID\u00caNCIAS MULTIPROFISSIONAIS DA ESCOLA MULTICAMPI DE CI\u00caNCIAS M\u00c9DICAS - EMCM<\/span>\n\t\t\t\t\t<\/span>\n\t\t\t\t\t<\/a>\n\t\t\t\t<\/div>\n\t\t\t\t\t\t\t\t<\/div>\n\t\t\t\t<\/div>\n\t\t\t\t<div class=\"elementor-element elementor-element-906f209 elementor-align-left elementor-widget elementor-widget-button\" data-id=\"906f209\" data-element_type=\"widget\" data-e-type=\"widget\" data-widget_type=\"button.default\">\n\t\t\t\t<div class=\"elementor-widget-container\">\n\t\t\t\t\t\t\t\t\t<div class=\"elementor-button-wrapper\">\n\t\t\t\t\t<a class=\"elementor-button elementor-button-link elementor-size-sm\" href=\"http:\/\/10.143.8.37\/site\/emcm\/P%C3%B3s%20-%20Gradua%C3%A7%C3%A3o\/Resid%C3%AAncia%20Multiprofissional\/Processos%20Seletivos\/Edital%20005%28RETIFICADO%29.pdf\" target=\"_blank\">\n\t\t\t\t\t\t<span class=\"elementor-button-content-wrapper\">\n\t\t\t\t\t\t<span class=\"elementor-button-icon\">\n\t\t\t\t<svg aria-hidden=\"true\" class=\"e-font-icon-svg e-far-file-alt\" viewBox=\"0 0 384 512\" xmlns=\"http:\/\/www.w3.org\/2000\/svg\"><path d=\"M288 248v28c0 6.6-5.4 12-12 12H108c-6.6 0-12-5.4-12-12v-28c0-6.6 5.4-12 12-12h168c6.6 0 12 5.4 12 12zm-12 72H108c-6.6 0-12 5.4-12 12v28c0 6.6 5.4 12 12 12h168c6.6 0 12-5.4 12-12v-28c0-6.6-5.4-12-12-12zm108-188.1V464c0 26.5-21.5 48-48 48H48c-26.5 0-48-21.5-48-48V48C0 21.5 21.5 0 48 0h204.1C264.8 0 277 5.1 286 14.1L369.9 98c9 8.9 14.1 21.2 14.1 33.9zm-128-80V128h76.1L256 51.9zM336 464V176H232c-13.3 0-24-10.7-24-24V48H48v416h288z\"><\/path><\/svg>\t\t\t<\/span>\n\t\t\t\t\t\t\t\t\t<span class=\"elementor-button-text\">Edital 005(RETIFICADO).pdf<\/span>\n\t\t\t\t\t<\/span>\n\t\t\t\t\t<\/a>\n\t\t\t\t<\/div>\n\t\t\t\t\t\t\t\t<\/div>\n\t\t\t\t<\/div>\n\t\t\t\t\t<\/div>\n\t\t\t\t<\/div>\n\t\t\t\t<\/div>\n\t\t","protected":false},"excerpt":{"rendered":"<p>Processo Seletivo Multiprofissional &#8211; 2024 Editais EDITAL DE CONVOCA\u00c7\u00c3O PARA MATR\u00cdCULA N.\u00ba 005_2024 &#8211; RESID\u00caNCIAS MULTIPROFISSIONAIS DA ESCOLA MULTICAMPI DE CI\u00caNCIAS M\u00c9DICAS &#8211; EMCM Edital 005(RETIFICADO).pdf<\/p>\n","protected":false},"author":1,"featured_media":0,"parent":0,"menu_order":0,"comment_status":"closed","ping_status":"closed","template":"","meta":{"footnotes":""},"class_list":["post-4611","page","type-page","status-publish","hentry"],"_links":{"self":[{"href":"https:\/\/emcm.ufrn.br\/site\/wp-json\/wp\/v2\/pages\/4611","targetHints":{"allow":["GET"]}}],"collection":[{"href":"https:\/\/emcm.ufrn.br\/site\/wp-json\/wp\/v2\/pages"}],"about":[{"href":"https:\/\/emcm.ufrn.br\/site\/wp-json\/wp\/v2\/types\/page"}],"author":[{"embeddable":true,"href":"https:\/\/emcm.ufrn.br\/site\/wp-json\/wp\/v2\/users\/1"}],"replies":[{"embeddable":true,"href":"https:\/\/emcm.ufrn.br\/site\/wp-json\/wp\/v2\/comments?post=4611"}],"version-history":[{"count":7,"href":"https:\/\/emcm.ufrn.br\/site\/wp-json\/wp\/v2\/pages\/4611\/revisions"}],"predecessor-version":[{"id":4644,"href":"https:\/\/emcm.ufrn.br\/site\/wp-json\/wp\/v2\/pages\/4611\/revisions\/4644"}],"wp:attachment":[{"href":"https:\/\/emcm.ufrn.br\/site\/wp-json\/wp\/v2\/media?parent=4611"}],"curies":[{"name":"wp","href":"https:\/\/api.w.org\/{rel}","templated":true}]}}

<div data-elementor-type="wp-page" data-elementor-id="4611" class="elementor elementor-4611" data-elementor-settings="{&quot;ha_cmc_init_switcher&quot;:&quot;no&quot;}">
				<div class="elementor-element elementor-element-4b62be3 e-flex e-con-boxed e-con e-parent" data-id="4b62be3" data-element_type="container" data-e-type="container" data-settings="{&quot;_ha_eqh_enable&quot;:false}">
					<div class="e-con-inner">
				<div class="elementor-element elementor-element-f2dc2bb elementor-widget elementor-widget-heading" data-id="f2dc2bb" data-element_type="widget" data-e-type="widget" data-widget_type="heading.default">
				<div class="elementor-widget-container">
					<h3 class="elementor-heading-title elementor-size-default">Processo Seletivo  Multiprofissional - 2024</h3>				</div>
				</div>
					</div>
				</div>
		<div class="elementor-element elementor-element-aede157 e-flex e-con-boxed e-con e-parent" data-id="aede157" data-element_type="container" data-e-type="container" data-settings="{&quot;_ha_eqh_enable&quot;:false}">
					<div class="e-con-inner">
				<div class="elementor-element elementor-element-f78ee37 elementor-widget elementor-widget-heading" data-id="f78ee37" data-element_type="widget" data-e-type="widget" data-widget_type="heading.default">
				<div class="elementor-widget-container">
					<h5 class="elementor-heading-title elementor-size-default">Editais</h5>				</div>
				</div>
				<div class="elementor-element elementor-element-c57f81f elementor-align-left elementor-widget elementor-widget-button" data-id="c57f81f" data-element_type="widget" data-e-type="widget" data-widget_type="button.default">
				<div class="elementor-widget-container">
									<div class="elementor-button-wrapper">
					<a class="elementor-button elementor-button-link elementor-size-sm" href="http://10.143.8.37/site/emcm/P%C3%B3s%20-%20Gradua%C3%A7%C3%A3o/Resid%C3%AAncia%20Multiprofissional/Processos%20Seletivos/EDITAL%20DE%20CONVOCA%C3%87%C3%83O%20PARA%20MATR%C3%8DCULA%20N.%C2%BA%20005_2024%20-%20RESID%C3%8ANCIAS%20MULTIPROFISSIONAIS%20DA%20ESCOLA%20MULTICAMPI%20DE%20CI%C3%8ANCIAS%20M%C3%89DICAS%20-%20EMCM.pdf" target="_blank">
						<span class="elementor-button-content-wrapper">
						<span class="elementor-button-icon">
				<svg aria-hidden="true" class="e-font-icon-svg e-far-file-alt" viewBox="0 0 384 512" xmlns="http://www.w3.org/2000/svg"><path d="M288 248v28c0 6.6-5.4 12-12 12H108c-6.6 0-12-5.4-12-12v-28c0-6.6 5.4-12 12-12h168c6.6 0 12 5.4 12 12zm-12 72H108c-6.6 0-12 5.4-12 12v28c0 6.6 5.4 12 12 12h168c6.6 0 12-5.4 12-12v-28c0-6.6-5.4-12-12-12zm108-188.1V464c0 26.5-21.5 48-48 48H48c-26.5 0-48-21.5-48-48V48C0 21.5 21.5 0 48 0h204.1C264.8 0 277 5.1 286 14.1L369.9 98c9 8.9 14.1 21.2 14.1 33.9zm-128-80V128h76.1L256 51.9zM336 464V176H232c-13.3 0-24-10.7-24-24V48H48v416h288z"></path></svg>			</span>
									<span class="elementor-button-text">EDITAL DE CONVOCAÇÃO PARA MATRÍCULA N.º 005_2024 - RESIDÊNCIAS MULTIPROFISSIONAIS DA ESCOLA MULTICAMPI DE CIÊNCIAS MÉDICAS - EMCM</span>
					</span>
					</a>
				</div>
								</div>
				</div>
				<div class="elementor-element elementor-element-906f209 elementor-align-left elementor-widget elementor-widget-button" data-id="906f209" data-element_type="widget" data-e-type="widget" data-widget_type="button.default">
				<div class="elementor-widget-container">
									<div class="elementor-button-wrapper">
					<a class="elementor-button elementor-button-link elementor-size-sm" href="http://10.143.8.37/site/emcm/P%C3%B3s%20-%20Gradua%C3%A7%C3%A3o/Resid%C3%AAncia%20Multiprofissional/Processos%20Seletivos/Edital%20005%28RETIFICADO%29.pdf" target="_blank">
						<span class="elementor-button-content-wrapper">
						<span class="elementor-button-icon">
				<svg aria-hidden="true" class="e-font-icon-svg e-far-file-alt" viewBox="0 0 384 512" xmlns="http://www.w3.org/2000/svg"><path d="M288 248v28c0 6.6-5.4 12-12 12H108c-6.6 0-12-5.4-12-12v-28c0-6.6 5.4-12 12-12h168c6.6 0 12 5.4 12 12zm-12 72H108c-6.6 0-12 5.4-12 12v28c0 6.6 5.4 12 12 12h168c6.6 0 12-5.4 12-12v-28c0-6.6-5.4-12-12-12zm108-188.1V464c0 26.5-21.5 48-48 48H48c-26.5 0-48-21.5-48-48V48C0 21.5 21.5 0 48 0h204.1C264.8 0 277 5.1 286 14.1L369.9 98c9 8.9 14.1 21.2 14.1 33.9zm-128-80V128h76.1L256 51.9zM336 464V176H232c-13.3 0-24-10.7-24-24V48H48v416h288z"></path></svg>			</span>
									<span class="elementor-button-text">Edital 005(RETIFICADO).pdf</span>
					</span>
					</a>
				</div>
								</div>
				</div>
					</div>
				</div>
				</div>

<p>Processo Seletivo Multiprofissional &#8211; 2024 Editais EDITAL DE CONVOCAÇÃO PARA MATRÍCULA N.º 005_2024 &#8211; RESIDÊNCIAS MULTIPROFISSIONAIS DA ESCOLA MULTICAMPI DE CIÊNCIAS MÉDICAS &#8211; EMCM Edital 005(RETIFICADO).pdf</p>
