{"id":312,"date":"2024-03-07T10:31:45","date_gmt":"2024-03-07T13:31:45","guid":{"rendered":"http:\/\/10.143.8.37\/site\/?page_id=312"},"modified":"2024-08-01T11:07:55","modified_gmt":"2024-08-01T14:07:55","slug":"jornada-do-sono","status":"publish","type":"page","link":"https:\/\/emcm.ufrn.br\/site\/jornada-do-sono\/","title":{"rendered":"Jornada do Sono"},"content":{"rendered":"\t\t<div data-elementor-type=\"wp-page\" data-elementor-id=\"312\" class=\"elementor elementor-312\" data-elementor-settings=\"{&quot;ha_cmc_init_switcher&quot;:&quot;no&quot;}\">\n\t\t\t\t<div class=\"elementor-element elementor-element-6d8f64c e-flex e-con-boxed e-con e-parent\" data-id=\"6d8f64c\" data-element_type=\"container\" data-e-type=\"container\" data-settings=\"{&quot;_ha_eqh_enable&quot;:false}\">\n\t\t\t\t\t<div class=\"e-con-inner\">\n\t\t\t\t<div class=\"elementor-element elementor-element-805ba93 elementor-widget elementor-widget-heading\" data-id=\"805ba93\" data-element_type=\"widget\" data-e-type=\"widget\" data-widget_type=\"heading.default\">\n\t\t\t\t<div class=\"elementor-widget-container\">\n\t\t\t\t\t<h2 class=\"elementor-heading-title elementor-size-default\">Jornada do Sono <\/h2>\t\t\t\t<\/div>\n\t\t\t\t<\/div>\n\t\t\t\t<div class=\"elementor-element elementor-element-8002a5c elementor-widget elementor-widget-heading\" data-id=\"8002a5c\" data-element_type=\"widget\" data-e-type=\"widget\" data-widget_type=\"heading.default\">\n\t\t\t\t<div class=\"elementor-widget-container\">\n\t\t\t\t\t<h4 class=\"elementor-heading-title elementor-size-default\">Resumo do Projeto<\/h4>\t\t\t\t<\/div>\n\t\t\t\t<\/div>\n\t\t\t\t<div class=\"elementor-element elementor-element-7aa11f3 elementor-widget elementor-widget-text-editor\" data-id=\"7aa11f3\" data-element_type=\"widget\" data-e-type=\"widget\" data-widget_type=\"text-editor.default\">\n\t\t\t\t<div class=\"elementor-widget-container\">\n\t\t\t\t\t\t\t\t\t<p><span style=\"color: #000000; font-size: 16px; text-align: justify;\">As a\u00e7\u00f5es extensionistas s\u00e3o importantes ferramentas de interlocu\u00e7\u00e3o entre quest\u00f5es relevantes para a sociedade e o conhecimento acad\u00eamico produzido na universidade, constituindo um importante componente na preven\u00e7\u00e3o prim\u00e1ria. Em cidades do interior como Caic\u00f3-RN, que est\u00e3o fora da regi\u00e3o metropolitana do estado, a escassez e lacunas na obten\u00e7\u00e3o de informa\u00e7\u00f5es podem distanciar a popula\u00e7\u00e3o dos conhecimentos quanto \u00e0 obten\u00e7\u00e3o de melhor qualidade de sono, associada \u00e0 melhor qualidade de vida. Desse modo, o objetivo deste projeto \u00e9 de constituir um ambiente social de efetiva intera\u00e7\u00e3o entre universidade e comunidade, a partir da identifica\u00e7\u00e3o do perfil epidemiol\u00f3gico dos indiv\u00edduos que buscam atendimento em unidades b\u00e1sicas de sa\u00fade (UBSs) em rela\u00e7\u00e3o ao cronotipo, qualidade de sono e de vida, a fim de tamb\u00e9m incorporar interven\u00e7\u00f5es aplicadas \u00e0s \u00e1reas cr\u00edticas evidenciadas no projeto explorat\u00f3rio, com car\u00e1ter de conscientiza\u00e7\u00e3o e orienta\u00e7\u00f5es da popula\u00e7\u00e3o local ao tema proposto.<\/span><\/p>\t\t\t\t\t\t\t\t<\/div>\n\t\t\t\t<\/div>\n\t\t\t\t\t<\/div>\n\t\t\t\t<\/div>\n\t\t<div class=\"elementor-element elementor-element-128582f e-flex e-con-boxed e-con e-parent\" data-id=\"128582f\" data-element_type=\"container\" data-e-type=\"container\" data-settings=\"{&quot;_ha_eqh_enable&quot;:false}\">\n\t\t\t\t\t<div class=\"e-con-inner\">\n\t\t\t\t<div class=\"elementor-element elementor-element-7afb04e elementor-widget elementor-widget-heading\" data-id=\"7afb04e\" data-element_type=\"widget\" data-e-type=\"widget\" data-widget_type=\"heading.default\">\n\t\t\t\t<div class=\"elementor-widget-container\">\n\t\t\t\t\t<h4 class=\"elementor-heading-title elementor-size-default\">Semana do Sono no RN<\/h4>\t\t\t\t<\/div>\n\t\t\t\t<\/div>\n\t\t\t\t<div class=\"elementor-element elementor-element-498669a elementor-widget elementor-widget-text-editor\" data-id=\"498669a\" data-element_type=\"widget\" data-e-type=\"widget\" data-widget_type=\"text-editor.default\">\n\t\t\t\t<div class=\"elementor-widget-container\">\n\t\t\t\t\t\t\t\t\t<p><span style=\"color: #000000; font-size: 16px; text-align: justify;\">No dia 14 de mar\u00e7o, na cidade de Caic\u00f3, Rio Grande do Norte, o curso de Medicina da Escola Multicampi de Ci\u00eancias M\u00e9dicas (EMCM) da Universidade Federal do Rio Grande do Norte (UFRN) realizou a \u201cI Jornada de Sono de Caic\u00f3\u201c. O evento em comemora\u00e7\u00e3o a Semana do Sono \u2013 organizada pela Associa\u00e7\u00e3o Brasileira do Sono teve a coordena\u00e7\u00e3o do Prof. Sebasti\u00e3o Pacheco (associado da ABS) e contou com o apoio da coordenador do curso de Medicina, Prof. George Dantas, de estudantes de medicina e do com\u00e9rcio local.<\/span><br style=\"color: #000000; font-size: 16px; text-align: justify;\" \/><span style=\"color: #000000; font-size: 16px; text-align: justify;\">A I Jornada de Sono de Caic\u00f3 teve a colabora\u00e7\u00e3o de palestrantes professores da Universidade e do curso de Medicina. Durante o dia, foram abordados os temas: sonhos com o Prof. Sergio Arthuro, biologia molecular com o Prof. Marcelo Santos, dist\u00farbios respirat\u00f3rios do sono com o Prof. Sebasti\u00e3o Pacheco, ins\u00f4nia com a Prof\u00aa. Patr\u00edcia Cavalcanti, sono no idoso com o Prof. Francisco Bel\u00edsio e sono na aten\u00e7\u00e3o prim\u00e1ria com a Prof\u00aa. Fabiana Gon\u00e7alves.<\/span><br style=\"color: #000000; font-size: 16px; text-align: justify;\" \/><span style=\"color: #000000; font-size: 16px; text-align: justify;\">A jornada tamb\u00e9m contou com a presen\u00e7a \u00edmpar do Prof. John Ara\u00fajo, estabelecendo uma parceria importante para que o tema sono seja cada vez mais discutido e estudado na regi\u00e3o.<\/span><br style=\"color: #000000; font-size: 16px; text-align: justify;\" \/><span style=\"color: #000000; font-size: 16px; text-align: justify;\">Na plateia estavam presentes profissionais da sa\u00fade e estudantes da cidade de Caic\u00f3 e de cidades vizinhas pertencentes ao Estado da Para\u00edba. O evento foi o primeiro passo para que a Biologia e a Medicina do Sono continue crescendo, sendo discutida e atingindo um p\u00fablico cada vez maior.<\/span><\/p>\t\t\t\t\t\t\t\t<\/div>\n\t\t\t\t<\/div>\n\t\t\t\t\t<\/div>\n\t\t\t\t<\/div>\n\t\t<div class=\"elementor-element elementor-element-8ff45c4 e-flex e-con-boxed e-con e-parent\" data-id=\"8ff45c4\" data-element_type=\"container\" data-e-type=\"container\" data-settings=\"{&quot;_ha_eqh_enable&quot;:false}\">\n\t\t\t\t\t<div class=\"e-con-inner\">\n\t\t\t\t<div class=\"elementor-element elementor-element-6270f02 elementor-widget elementor-widget-heading\" data-id=\"6270f02\" data-element_type=\"widget\" data-e-type=\"widget\" data-widget_type=\"heading.default\">\n\t\t\t\t<div class=\"elementor-widget-container\">\n\t\t\t\t\t<h4 class=\"elementor-heading-title elementor-size-default\">P\u00fablico Alvo<\/h4>\t\t\t\t<\/div>\n\t\t\t\t<\/div>\n\t\t\t\t<div class=\"elementor-element elementor-element-0f9dca0 elementor-widget elementor-widget-text-editor\" data-id=\"0f9dca0\" data-element_type=\"widget\" data-e-type=\"widget\" data-widget_type=\"text-editor.default\">\n\t\t\t\t<div class=\"elementor-widget-container\">\n\t\t\t\t\t\t\t\t\t<p><span style=\"color: #000000; font-size: 16px; text-align: center;\">Discentes do curso de gradua\u00e7\u00e3o de Medicina Multicampi<\/span><\/p>\t\t\t\t\t\t\t\t<\/div>\n\t\t\t\t<\/div>\n\t\t\t\t\t<\/div>\n\t\t\t\t<\/div>\n\t\t<div class=\"elementor-element elementor-element-fa28659 e-flex e-con-boxed e-con e-parent\" data-id=\"fa28659\" data-element_type=\"container\" data-e-type=\"container\" data-settings=\"{&quot;_ha_eqh_enable&quot;:false}\">\n\t\t\t\t\t<div class=\"e-con-inner\">\n\t\t\t\t\t<\/div>\n\t\t\t\t<\/div>\n\t\t\t\t<\/div>\n\t\t","protected":false},"excerpt":{"rendered":"<p>Jornada do Sono Resumo do Projeto As a\u00e7\u00f5es extensionistas s\u00e3o importantes ferramentas de interlocu\u00e7\u00e3o entre quest\u00f5es relevantes para a sociedade e o conhecimento acad\u00eamico produzido na universidade, constituindo um importante componente na preven\u00e7\u00e3o prim\u00e1ria. Em cidades do interior como Caic\u00f3-RN, que est\u00e3o fora da regi\u00e3o metropolitana do estado, a escassez e lacunas na obten\u00e7\u00e3o de [&hellip;]<\/p>\n","protected":false},"author":1,"featured_media":0,"parent":0,"menu_order":0,"comment_status":"closed","ping_status":"closed","template":"","meta":{"footnotes":""},"class_list":["post-312","page","type-page","status-publish","hentry"],"_links":{"self":[{"href":"https:\/\/emcm.ufrn.br\/site\/wp-json\/wp\/v2\/pages\/312","targetHints":{"allow":["GET"]}}],"collection":[{"href":"https:\/\/emcm.ufrn.br\/site\/wp-json\/wp\/v2\/pages"}],"about":[{"href":"https:\/\/emcm.ufrn.br\/site\/wp-json\/wp\/v2\/types\/page"}],"author":[{"embeddable":true,"href":"https:\/\/emcm.ufrn.br\/site\/wp-json\/wp\/v2\/users\/1"}],"replies":[{"embeddable":true,"href":"https:\/\/emcm.ufrn.br\/site\/wp-json\/wp\/v2\/comments?post=312"}],"version-history":[{"count":13,"href":"https:\/\/emcm.ufrn.br\/site\/wp-json\/wp\/v2\/pages\/312\/revisions"}],"predecessor-version":[{"id":1792,"href":"https:\/\/emcm.ufrn.br\/site\/wp-json\/wp\/v2\/pages\/312\/revisions\/1792"}],"wp:attachment":[{"href":"https:\/\/emcm.ufrn.br\/site\/wp-json\/wp\/v2\/media?parent=312"}],"curies":[{"name":"wp","href":"https:\/\/api.w.org\/{rel}","templated":true}]}}

<div data-elementor-type="wp-page" data-elementor-id="312" class="elementor elementor-312" data-elementor-settings="{&quot;ha_cmc_init_switcher&quot;:&quot;no&quot;}">
				<div class="elementor-element elementor-element-6d8f64c e-flex e-con-boxed e-con e-parent" data-id="6d8f64c" data-element_type="container" data-e-type="container" data-settings="{&quot;_ha_eqh_enable&quot;:false}">
					<div class="e-con-inner">
				<div class="elementor-element elementor-element-805ba93 elementor-widget elementor-widget-heading" data-id="805ba93" data-element_type="widget" data-e-type="widget" data-widget_type="heading.default">
				<div class="elementor-widget-container">
					<h2 class="elementor-heading-title elementor-size-default">Jornada do Sono </h2>				</div>
				</div>
				<div class="elementor-element elementor-element-8002a5c elementor-widget elementor-widget-heading" data-id="8002a5c" data-element_type="widget" data-e-type="widget" data-widget_type="heading.default">
				<div class="elementor-widget-container">
					<h4 class="elementor-heading-title elementor-size-default">Resumo do Projeto</h4>				</div>
				</div>
				<div class="elementor-element elementor-element-7aa11f3 elementor-widget elementor-widget-text-editor" data-id="7aa11f3" data-element_type="widget" data-e-type="widget" data-widget_type="text-editor.default">
				<div class="elementor-widget-container">
									<p><span style="color: #000000; font-size: 16px; text-align: justify;">As ações extensionistas são importantes ferramentas de interlocução entre questões relevantes para a sociedade e o conhecimento acadêmico produzido na universidade, constituindo um importante componente na prevenção primária. Em cidades do interior como Caicó-RN, que estão fora da região metropolitana do estado, a escassez e lacunas na obtenção de informações podem distanciar a população dos conhecimentos quanto à obtenção de melhor qualidade de sono, associada à melhor qualidade de vida. Desse modo, o objetivo deste projeto é de constituir um ambiente social de efetiva interação entre universidade e comunidade, a partir da identificação do perfil epidemiológico dos indivíduos que buscam atendimento em unidades básicas de saúde (UBSs) em relação ao cronotipo, qualidade de sono e de vida, a fim de também incorporar intervenções aplicadas às áreas críticas evidenciadas no projeto exploratório, com caráter de conscientização e orientações da população local ao tema proposto.</span></p>								</div>
				</div>
					</div>
				</div>
		<div class="elementor-element elementor-element-128582f e-flex e-con-boxed e-con e-parent" data-id="128582f" data-element_type="container" data-e-type="container" data-settings="{&quot;_ha_eqh_enable&quot;:false}">
					<div class="e-con-inner">
				<div class="elementor-element elementor-element-7afb04e elementor-widget elementor-widget-heading" data-id="7afb04e" data-element_type="widget" data-e-type="widget" data-widget_type="heading.default">
				<div class="elementor-widget-container">
					<h4 class="elementor-heading-title elementor-size-default">Semana do Sono no RN</h4>				</div>
				</div>
				<div class="elementor-element elementor-element-498669a elementor-widget elementor-widget-text-editor" data-id="498669a" data-element_type="widget" data-e-type="widget" data-widget_type="text-editor.default">
				<div class="elementor-widget-container">
									<p><span style="color: #000000; font-size: 16px; text-align: justify;">No dia 14 de março, na cidade de Caicó, Rio Grande do Norte, o curso de Medicina da Escola Multicampi de Ciências Médicas (EMCM) da Universidade Federal do Rio Grande do Norte (UFRN) realizou a “I Jornada de Sono de Caicó“. O evento em comemoração a Semana do Sono – organizada pela Associação Brasileira do Sono teve a coordenação do Prof. Sebastião Pacheco (associado da ABS) e contou com o apoio da coordenador do curso de Medicina, Prof. George Dantas, de estudantes de medicina e do comércio local.</span><br style="color: #000000; font-size: 16px; text-align: justify;" /><span style="color: #000000; font-size: 16px; text-align: justify;">A I Jornada de Sono de Caicó teve a colaboração de palestrantes professores da Universidade e do curso de Medicina. Durante o dia, foram abordados os temas: sonhos com o Prof. Sergio Arthuro, biologia molecular com o Prof. Marcelo Santos, distúrbios respiratórios do sono com o Prof. Sebastião Pacheco, insônia com a Profª. Patrícia Cavalcanti, sono no idoso com o Prof. Francisco Belísio e sono na atenção primária com a Profª. Fabiana Gonçalves.</span><br style="color: #000000; font-size: 16px; text-align: justify;" /><span style="color: #000000; font-size: 16px; text-align: justify;">A jornada também contou com a presença ímpar do Prof. John Araújo, estabelecendo uma parceria importante para que o tema sono seja cada vez mais discutido e estudado na região.</span><br style="color: #000000; font-size: 16px; text-align: justify;" /><span style="color: #000000; font-size: 16px; text-align: justify;">Na plateia estavam presentes profissionais da saúde e estudantes da cidade de Caicó e de cidades vizinhas pertencentes ao Estado da Paraíba. O evento foi o primeiro passo para que a Biologia e a Medicina do Sono continue crescendo, sendo discutida e atingindo um público cada vez maior.</span></p>								</div>
				</div>
					</div>
				</div>
		<div class="elementor-element elementor-element-8ff45c4 e-flex e-con-boxed e-con e-parent" data-id="8ff45c4" data-element_type="container" data-e-type="container" data-settings="{&quot;_ha_eqh_enable&quot;:false}">
					<div class="e-con-inner">
				<div class="elementor-element elementor-element-6270f02 elementor-widget elementor-widget-heading" data-id="6270f02" data-element_type="widget" data-e-type="widget" data-widget_type="heading.default">
				<div class="elementor-widget-container">
					<h4 class="elementor-heading-title elementor-size-default">Público Alvo</h4>				</div>
				</div>
				<div class="elementor-element elementor-element-0f9dca0 elementor-widget elementor-widget-text-editor" data-id="0f9dca0" data-element_type="widget" data-e-type="widget" data-widget_type="text-editor.default">
				<div class="elementor-widget-container">
									<p><span style="color: #000000; font-size: 16px; text-align: center;">Discentes do curso de graduação de Medicina Multicampi</span></p>								</div>
				</div>
					</div>
				</div>
		<div class="elementor-element elementor-element-fa28659 e-flex e-con-boxed e-con e-parent" data-id="fa28659" data-element_type="container" data-e-type="container" data-settings="{&quot;_ha_eqh_enable&quot;:false}">
					<div class="e-con-inner">
					</div>
				</div>
				</div>

<p>Jornada do Sono Resumo do Projeto As ações extensionistas são importantes ferramentas de interlocução entre questões relevantes para a sociedade e o conhecimento acadêmico produzido na universidade, constituindo um importante componente na prevenção primária. Em cidades do interior como Caicó-RN, que estão fora da região metropolitana do estado, a escassez e lacunas na obtenção de [&hellip;]</p>
