{"id":165,"date":"2024-03-07T08:32:55","date_gmt":"2024-03-07T11:32:55","guid":{"rendered":"http:\/\/10.143.8.37\/site\/?page_id=165"},"modified":"2025-05-19T12:48:49","modified_gmt":"2025-05-19T15:48:49","slug":"sobre-a-emcm","status":"publish","type":"page","link":"https:\/\/emcm.ufrn.br\/site\/sobre-a-emcm\/","title":{"rendered":"Sobre a Emcm"},"content":{"rendered":"\t\t<div data-elementor-type=\"wp-page\" data-elementor-id=\"165\" class=\"elementor elementor-165\" data-elementor-settings=\"{&quot;ha_cmc_init_switcher&quot;:&quot;no&quot;}\">\n\t\t\t\t<div class=\"elementor-element elementor-element-4673a23 e-flex e-con-boxed e-con e-parent\" data-id=\"4673a23\" data-element_type=\"container\" data-e-type=\"container\" data-settings=\"{&quot;_ha_eqh_enable&quot;:false}\">\n\t\t\t\t\t<div class=\"e-con-inner\">\n\t\t\t\t<div class=\"elementor-element elementor-element-638e479 elementor-widget elementor-widget-heading\" data-id=\"638e479\" data-element_type=\"widget\" data-e-type=\"widget\" data-widget_type=\"heading.default\">\n\t\t\t\t<div class=\"elementor-widget-container\">\n\t\t\t\t\t<h2 class=\"elementor-heading-title elementor-size-default\">EMCM<\/h2>\t\t\t\t<\/div>\n\t\t\t\t<\/div>\n\t\t\t\t<div class=\"elementor-element elementor-element-6ced955 elementor-widget elementor-widget-text-editor\" data-id=\"6ced955\" data-element_type=\"widget\" data-e-type=\"widget\" data-widget_type=\"text-editor.default\">\n\t\t\t\t<div class=\"elementor-widget-container\">\n\t\t\t\t\t\t\t\t\t<p><span style=\"color: #000000; font-size: 16px; text-align: justify;\">A Escola Multicampi de Ci\u00eancias M\u00e9dicas do Rio Grande do Norte, foi criada em car\u00e1ter de urg\u00eancia e excepcionalidade, pelo Provimento no 022\/14-R, de 25 de abril de 2014, funciona, nos moldes de uma Unidade Acad\u00eamica Especializada diretamente ligada \u00e0 Reitoria e organiza-se por meio do seu Conselho e de uma Diretoria. A Escola Multicampi de Ci\u00eancias M\u00e9dicas do Rio Grande do Norte se localiza e atua nos campi da UFRN nas cidades de Caic\u00f3, onde fica sua sede administrativa, Currais Novos e Santa Cruz.<\/span><br style=\"color: #000000; font-size: 16px; text-align: justify;\" \/><span style=\"color: #000000; font-size: 16px; text-align: justify;\">A manuten\u00e7\u00e3o financeira da Escola Multicampi de Ci\u00eancias M\u00e9dicas \u00e9 de responsabilidade e compet\u00eancia da UFRN, utilizando os recursos destinados para o curso de Medicina multicampi.<\/span><\/p>\t\t\t\t\t\t\t\t<\/div>\n\t\t\t\t<\/div>\n\t\t\t\t\t<\/div>\n\t\t\t\t<\/div>\n\t\t<div class=\"elementor-element elementor-element-15818db e-flex e-con-boxed e-con e-parent\" data-id=\"15818db\" data-element_type=\"container\" data-e-type=\"container\" data-settings=\"{&quot;_ha_eqh_enable&quot;:false}\">\n\t\t\t\t\t<div class=\"e-con-inner\">\n\t\t\t\t<div class=\"elementor-element elementor-element-90c1806 elementor-widget elementor-widget-heading\" data-id=\"90c1806\" data-element_type=\"widget\" data-e-type=\"widget\" data-widget_type=\"heading.default\">\n\t\t\t\t<div class=\"elementor-widget-container\">\n\t\t\t\t\t<h2 class=\"elementor-heading-title elementor-size-default\">Miss\u00e3o EMCM<\/h2>\t\t\t\t<\/div>\n\t\t\t\t<\/div>\n\t\t\t\t<div class=\"elementor-element elementor-element-4ff2914 elementor-widget elementor-widget-text-editor\" data-id=\"4ff2914\" data-element_type=\"widget\" data-e-type=\"widget\" data-widget_type=\"text-editor.default\">\n\t\t\t\t<div class=\"elementor-widget-container\">\n\t\t\t\t\t\t\t\t\t<p><span style=\"color: #000000; font-size: 16px;\">A Escola Multicampi de Ci\u00eancias M\u00e9dicas do Rio Grande do Norte tem como miss\u00e3o promover a forma\u00e7\u00e3o m\u00e9dica de excel\u00eancia, apoiada no compromisso social de contribuir para a inova\u00e7\u00e3o dos servi\u00e7os de sa\u00fade e a melhoria progressiva da qualidade de vida da popula\u00e7\u00e3o. Prop\u00f5e-se a formar m\u00e9dicos inseridos na rede de sa\u00fade do interior do RN, com vincula\u00e7\u00e3o \u00e0 realidade social e de sa\u00fade da popula\u00e7\u00e3o, capazes de aliar qualificada forma\u00e7\u00e3o t\u00e9cnico-cient\u00edfica com atitudes \u00e9tico-human\u00edsticas que os possibilitem trabalhar em equipe e impactar positivamente na realidade vigente. O curso busca formar profissionais adequados para atuar efetivamente no mercado de trabalho, particularmente no contexto rural e fora dos grandes centros urbanos, valorizando as necessidades de sa\u00fade da nossa popula\u00e7\u00e3o e seus valores \u00e9ticos e culturais.<\/span><\/p>\t\t\t\t\t\t\t\t<\/div>\n\t\t\t\t<\/div>\n\t\t\t\t\t<\/div>\n\t\t\t\t<\/div>\n\t\t<div class=\"elementor-element elementor-element-2920503 e-flex e-con-boxed e-con e-parent\" data-id=\"2920503\" data-element_type=\"container\" data-e-type=\"container\" data-settings=\"{&quot;_ha_eqh_enable&quot;:false}\">\n\t\t\t\t\t<div class=\"e-con-inner\">\n\t\t\t\t<div class=\"elementor-element elementor-element-ffbc4c8 elementor-widget elementor-widget-heading\" data-id=\"ffbc4c8\" data-element_type=\"widget\" data-e-type=\"widget\" data-widget_type=\"heading.default\">\n\t\t\t\t<div class=\"elementor-widget-container\">\n\t\t\t\t\t<h2 class=\"elementor-heading-title elementor-size-default\">Metodologias de Ensino<\/h2>\t\t\t\t<\/div>\n\t\t\t\t<\/div>\n\t\t\t\t<div class=\"elementor-element elementor-element-5bdf13e elementor-widget elementor-widget-text-editor\" data-id=\"5bdf13e\" data-element_type=\"widget\" data-e-type=\"widget\" data-widget_type=\"text-editor.default\">\n\t\t\t\t<div class=\"elementor-widget-container\">\n\t\t\t\t\t\t\t\t\t<p><span style=\"color: #000000; font-size: 16px;\">As metodologias de ensino-aprendizagem ser\u00e3o centradas no estudante, e o projeto do curso enfatizar\u00e1 o ensino baseado na comunidade e no sistema de sa\u00fade, aprendizagem baseada em problemas, ensino de habilidades cl\u00ednicas e emprego de tecnologias de informa\u00e7\u00e3o e comunica\u00e7\u00e3o. Neste primeiro semestre de aulas, por exemplo, os 40 alunos ter\u00e3o em sua matriz curricular as seguintes disciplinas: Introdu\u00e7\u00e3o ao estudo da medicina, concep\u00e7\u00e3o e forma\u00e7\u00e3o do ser humano e metabolismo.<\/span><\/p>\t\t\t\t\t\t\t\t<\/div>\n\t\t\t\t<\/div>\n\t\t\t\t\t<\/div>\n\t\t\t\t<\/div>\n\t\t<div class=\"elementor-element elementor-element-aff1d82 e-flex e-con-boxed e-con e-parent\" data-id=\"aff1d82\" data-element_type=\"container\" data-e-type=\"container\" data-settings=\"{&quot;_ha_eqh_enable&quot;:false}\">\n\t\t\t\t\t<div class=\"e-con-inner\">\n\t\t\t\t<div class=\"elementor-element elementor-element-9e77de3 elementor-widget elementor-widget-spacer\" data-id=\"9e77de3\" data-element_type=\"widget\" data-e-type=\"widget\" data-widget_type=\"spacer.default\">\n\t\t\t\t<div class=\"elementor-widget-container\">\n\t\t\t\t\t\t\t<div class=\"elementor-spacer\">\n\t\t\t<div class=\"elementor-spacer-inner\"><\/div>\n\t\t<\/div>\n\t\t\t\t\t\t<\/div>\n\t\t\t\t<\/div>\n\t\t\t\t\t<\/div>\n\t\t\t\t<\/div>\n\t\t<div class=\"elementor-element elementor-element-22812d2 e-flex e-con-boxed e-con e-parent\" data-id=\"22812d2\" data-element_type=\"container\" data-e-type=\"container\" data-settings=\"{&quot;_ha_eqh_enable&quot;:false}\">\n\t\t\t\t\t<div class=\"e-con-inner\">\n\t\t\t\t<div class=\"elementor-element elementor-element-ec21417 elementor-widget elementor-widget-heading\" data-id=\"ec21417\" data-element_type=\"widget\" data-e-type=\"widget\" data-widget_type=\"heading.default\">\n\t\t\t\t<div class=\"elementor-widget-container\">\n\t\t\t\t\t<h2 class=\"elementor-heading-title elementor-size-default\">Veja o v\u00eddeo a\u00e9reo da EMCM<\/h2>\t\t\t\t<\/div>\n\t\t\t\t<\/div>\n\t\t\t\t\t<\/div>\n\t\t\t\t<\/div>\n\t\t<div class=\"elementor-element elementor-element-9337fe0 e-flex e-con-boxed e-con e-parent\" data-id=\"9337fe0\" data-element_type=\"container\" data-e-type=\"container\" data-settings=\"{&quot;_ha_eqh_enable&quot;:false}\">\n\t\t\t\t\t<div class=\"e-con-inner\">\n\t\t\t\t<div class=\"elementor-element elementor-element-1895725 elementor-widget elementor-widget-video\" data-id=\"1895725\" data-element_type=\"widget\" data-e-type=\"widget\" data-settings=\"{&quot;youtube_url&quot;:&quot;https:\\\/\\\/youtu.be\\\/WdJfmGqK-Xs&quot;,&quot;video_type&quot;:&quot;youtube&quot;,&quot;controls&quot;:&quot;yes&quot;}\" data-widget_type=\"video.default\">\n\t\t\t\t<div class=\"elementor-widget-container\">\n\t\t\t\t\t\t\t<div class=\"elementor-wrapper elementor-open-inline\">\n\t\t\t<div class=\"elementor-video\"><\/div>\t\t<\/div>\n\t\t\t\t\t\t<\/div>\n\t\t\t\t<\/div>\n\t\t\t\t\t<\/div>\n\t\t\t\t<\/div>\n\t\t\t\t<\/div>\n\t\t","protected":false},"excerpt":{"rendered":"<p>EMCM A Escola Multicampi de Ci\u00eancias M\u00e9dicas do Rio Grande do Norte, foi criada em car\u00e1ter de urg\u00eancia e excepcionalidade, pelo Provimento no 022\/14-R, de 25 de abril de 2014, funciona, nos moldes de uma Unidade Acad\u00eamica Especializada diretamente ligada \u00e0 Reitoria e organiza-se por meio do seu Conselho e de uma Diretoria. A Escola [&hellip;]<\/p>\n","protected":false},"author":1,"featured_media":0,"parent":0,"menu_order":0,"comment_status":"closed","ping_status":"closed","template":"","meta":{"footnotes":""},"class_list":["post-165","page","type-page","status-publish","hentry"],"_links":{"self":[{"href":"https:\/\/emcm.ufrn.br\/site\/wp-json\/wp\/v2\/pages\/165","targetHints":{"allow":["GET"]}}],"collection":[{"href":"https:\/\/emcm.ufrn.br\/site\/wp-json\/wp\/v2\/pages"}],"about":[{"href":"https:\/\/emcm.ufrn.br\/site\/wp-json\/wp\/v2\/types\/page"}],"author":[{"embeddable":true,"href":"https:\/\/emcm.ufrn.br\/site\/wp-json\/wp\/v2\/users\/1"}],"replies":[{"embeddable":true,"href":"https:\/\/emcm.ufrn.br\/site\/wp-json\/wp\/v2\/comments?post=165"}],"version-history":[{"count":16,"href":"https:\/\/emcm.ufrn.br\/site\/wp-json\/wp\/v2\/pages\/165\/revisions"}],"predecessor-version":[{"id":4873,"href":"https:\/\/emcm.ufrn.br\/site\/wp-json\/wp\/v2\/pages\/165\/revisions\/4873"}],"wp:attachment":[{"href":"https:\/\/emcm.ufrn.br\/site\/wp-json\/wp\/v2\/media?parent=165"}],"curies":[{"name":"wp","href":"https:\/\/api.w.org\/{rel}","templated":true}]}}

<div data-elementor-type="wp-page" data-elementor-id="165" class="elementor elementor-165" data-elementor-settings="{&quot;ha_cmc_init_switcher&quot;:&quot;no&quot;}">
				<div class="elementor-element elementor-element-4673a23 e-flex e-con-boxed e-con e-parent" data-id="4673a23" data-element_type="container" data-e-type="container" data-settings="{&quot;_ha_eqh_enable&quot;:false}">
					<div class="e-con-inner">
				<div class="elementor-element elementor-element-638e479 elementor-widget elementor-widget-heading" data-id="638e479" data-element_type="widget" data-e-type="widget" data-widget_type="heading.default">
				<div class="elementor-widget-container">
					<h2 class="elementor-heading-title elementor-size-default">EMCM</h2>				</div>
				</div>
				<div class="elementor-element elementor-element-6ced955 elementor-widget elementor-widget-text-editor" data-id="6ced955" data-element_type="widget" data-e-type="widget" data-widget_type="text-editor.default">
				<div class="elementor-widget-container">
									<p><span style="color: #000000; font-size: 16px; text-align: justify;">A Escola Multicampi de Ciências Médicas do Rio Grande do Norte, foi criada em caráter de urgência e excepcionalidade, pelo Provimento no 022/14-R, de 25 de abril de 2014, funciona, nos moldes de uma Unidade Acadêmica Especializada diretamente ligada à Reitoria e organiza-se por meio do seu Conselho e de uma Diretoria. A Escola Multicampi de Ciências Médicas do Rio Grande do Norte se localiza e atua nos campi da UFRN nas cidades de Caicó, onde fica sua sede administrativa, Currais Novos e Santa Cruz.</span><br style="color: #000000; font-size: 16px; text-align: justify;" /><span style="color: #000000; font-size: 16px; text-align: justify;">A manutenção financeira da Escola Multicampi de Ciências Médicas é de responsabilidade e competência da UFRN, utilizando os recursos destinados para o curso de Medicina multicampi.</span></p>								</div>
				</div>
					</div>
				</div>
		<div class="elementor-element elementor-element-15818db e-flex e-con-boxed e-con e-parent" data-id="15818db" data-element_type="container" data-e-type="container" data-settings="{&quot;_ha_eqh_enable&quot;:false}">
					<div class="e-con-inner">
				<div class="elementor-element elementor-element-90c1806 elementor-widget elementor-widget-heading" data-id="90c1806" data-element_type="widget" data-e-type="widget" data-widget_type="heading.default">
				<div class="elementor-widget-container">
					<h2 class="elementor-heading-title elementor-size-default">Missão EMCM</h2>				</div>
				</div>
				<div class="elementor-element elementor-element-4ff2914 elementor-widget elementor-widget-text-editor" data-id="4ff2914" data-element_type="widget" data-e-type="widget" data-widget_type="text-editor.default">
				<div class="elementor-widget-container">
									<p><span style="color: #000000; font-size: 16px;">A Escola Multicampi de Ciências Médicas do Rio Grande do Norte tem como missão promover a formação médica de excelência, apoiada no compromisso social de contribuir para a inovação dos serviços de saúde e a melhoria progressiva da qualidade de vida da população. Propõe-se a formar médicos inseridos na rede de saúde do interior do RN, com vinculação à realidade social e de saúde da população, capazes de aliar qualificada formação técnico-científica com atitudes ético-humanísticas que os possibilitem trabalhar em equipe e impactar positivamente na realidade vigente. O curso busca formar profissionais adequados para atuar efetivamente no mercado de trabalho, particularmente no contexto rural e fora dos grandes centros urbanos, valorizando as necessidades de saúde da nossa população e seus valores éticos e culturais.</span></p>								</div>
				</div>
					</div>
				</div>
		<div class="elementor-element elementor-element-2920503 e-flex e-con-boxed e-con e-parent" data-id="2920503" data-element_type="container" data-e-type="container" data-settings="{&quot;_ha_eqh_enable&quot;:false}">
					<div class="e-con-inner">
				<div class="elementor-element elementor-element-ffbc4c8 elementor-widget elementor-widget-heading" data-id="ffbc4c8" data-element_type="widget" data-e-type="widget" data-widget_type="heading.default">
				<div class="elementor-widget-container">
					<h2 class="elementor-heading-title elementor-size-default">Metodologias de Ensino</h2>				</div>
				</div>
				<div class="elementor-element elementor-element-5bdf13e elementor-widget elementor-widget-text-editor" data-id="5bdf13e" data-element_type="widget" data-e-type="widget" data-widget_type="text-editor.default">
				<div class="elementor-widget-container">
									<p><span style="color: #000000; font-size: 16px;">As metodologias de ensino-aprendizagem serão centradas no estudante, e o projeto do curso enfatizará o ensino baseado na comunidade e no sistema de saúde, aprendizagem baseada em problemas, ensino de habilidades clínicas e emprego de tecnologias de informação e comunicação. Neste primeiro semestre de aulas, por exemplo, os 40 alunos terão em sua matriz curricular as seguintes disciplinas: Introdução ao estudo da medicina, concepção e formação do ser humano e metabolismo.</span></p>								</div>
				</div>
					</div>
				</div>
		<div class="elementor-element elementor-element-aff1d82 e-flex e-con-boxed e-con e-parent" data-id="aff1d82" data-element_type="container" data-e-type="container" data-settings="{&quot;_ha_eqh_enable&quot;:false}">
					<div class="e-con-inner">
				<div class="elementor-element elementor-element-9e77de3 elementor-widget elementor-widget-spacer" data-id="9e77de3" data-element_type="widget" data-e-type="widget" data-widget_type="spacer.default">
				<div class="elementor-widget-container">
							<div class="elementor-spacer">
			<div class="elementor-spacer-inner"></div>
		</div>
						</div>
				</div>
					</div>
				</div>
		<div class="elementor-element elementor-element-22812d2 e-flex e-con-boxed e-con e-parent" data-id="22812d2" data-element_type="container" data-e-type="container" data-settings="{&quot;_ha_eqh_enable&quot;:false}">
					<div class="e-con-inner">
				<div class="elementor-element elementor-element-ec21417 elementor-widget elementor-widget-heading" data-id="ec21417" data-element_type="widget" data-e-type="widget" data-widget_type="heading.default">
				<div class="elementor-widget-container">
					<h2 class="elementor-heading-title elementor-size-default">Veja o vídeo aéreo da EMCM</h2>				</div>
				</div>
					</div>
				</div>
		<div class="elementor-element elementor-element-9337fe0 e-flex e-con-boxed e-con e-parent" data-id="9337fe0" data-element_type="container" data-e-type="container" data-settings="{&quot;_ha_eqh_enable&quot;:false}">
					<div class="e-con-inner">
				<div class="elementor-element elementor-element-1895725 elementor-widget elementor-widget-video" data-id="1895725" data-element_type="widget" data-e-type="widget" data-settings="{&quot;youtube_url&quot;:&quot;https:\/\/youtu.be\/WdJfmGqK-Xs&quot;,&quot;video_type&quot;:&quot;youtube&quot;,&quot;controls&quot;:&quot;yes&quot;}" data-widget_type="video.default">
				<div class="elementor-widget-container">
							<div class="elementor-wrapper elementor-open-inline">
			<div class="elementor-video"></div>		</div>
						</div>
				</div>
					</div>
				</div>
				</div>

<p>EMCM A Escola Multicampi de Ciências Médicas do Rio Grande do Norte, foi criada em caráter de urgência e excepcionalidade, pelo Provimento no 022/14-R, de 25 de abril de 2014, funciona, nos moldes de uma Unidade Acadêmica Especializada diretamente ligada à Reitoria e organiza-se por meio do seu Conselho e de uma Diretoria. A Escola [&hellip;]</p>
